36. What is the tens digit of f?
3
Let w = 0 - -5. Suppose -l + w*l - 4 = 0. What is the units digit of l?
1
Suppose 0 = -3*b - 49 + 190. What is the tens digit of b?
4
Suppose 5*r = 8 + 12. Suppose -5*v + 18 = r*b, 4*b - v = 3 + 3. Suppose -3*u - 5*l = -7, b*u + 3*u = 4*l + 24. What is the units digit of u?
4
Let z = 279 + -173. What is the units digit of z?
6
Suppose -4*x = 2*h + 12, h + h - 2*x = 18. Suppose 194 = h*g - 14. Suppose g = -3*d + 7*d. What is the units digit of d?
3
Let p(k) = -5*k**2 + 2*k**2 + k**2 + 39 + k + k**2. What is the tens digit of p(0)?
3
Let r = -3 + 1. Let i be (r/4)/(4/(-48)). Suppose i = -3*a - 5*b, 3*b - b + 3 = -a. What is the units digit of a?
3
Suppose -5*i + 2*x + 2 + 12 = 0, -4*i = -3*x - 7. What is the units digit of (-2)/i + 122/4?
0
Let j = 8 - 4. Suppose 5*g = -4*a - a + 120, j*g + 37 = 3*a. What is the tens digit of a?
1
Let u(r) be the second derivative of -1/3*r**3 + 0 - r**2 + r + 1/12*r**4. What is the units digit of u(4)?
6
Let z be (-2)/(-9) + (-100)/(-36). Suppose 4*h - 5*h + z = 0. Suppose -h*n - 2*a + 4 = 0, n - 8 = 4*n + 5*a. What is the units digit of n?
4
Suppose 3*z - g = 4*z - 331, -5*g = -4*z + 1360. What is the tens digit of z?
3
Let g be (-2 - -2)/(2 + 1). What is the units digit of (g + 1)/(3/9)?
3
Suppose -8 = 4*q - 36. What is the tens digit of (-63)/6*(-36)/q?
5
What is the units digit of (45/(-60))/((-2)/176)?
6
Let h(r) = 40*r**3 - r**2 + 2*r. What is the units digit of h(1)?
1
What is the tens digit of 10097/115 + 1/5?
8
Suppose 90 = 12*u - 10*u. What is the tens digit of u?
4
What is the hundreds digit of (5/2)/((-5)/(-370))?
1
What is the units digit of (10/(-10))/(1/(-17))?
7
Suppose 3 = -3*k - 6. Let p = 35 + k. What is the tens digit of p?
3
Let n = -24 - 2. Let k = -18 - n. What is the units digit of k?
8
What is the hundreds digit of (-6)/27 - (-3782)/9?
4
Suppose f - 3 - 2 = 0. Suppose -5 = 4*o - f*o. Suppose 2*d - 2*z - 2*z - 18 = 0, o*d - z = 27. What is the units digit of d?
5
Suppose w - 3*w = 4*j - 40, 4*w + 2*j = 74. What is the units digit of 137/9 - 4/w?
5
Let u be 2*(45/6 - 0). Suppose -u = -3*d - 2*d. What is the units digit of d?
3
Suppose -x = 2*x - 3*k - 1113, 4*x = 3*k + 1486. What is the tens digit of x?
7
Suppose -4*l - z = -553, l + 143 = 2*l + 5*z. What is the tens digit of l?
3
Let k = -79 + 140. What is the units digit of k?
1
Suppose 0*b + 2*g - 57 = -3*b, -2*g = 6. What is the units digit of b?
1
Suppose 2*w + 3*b - 26 - 1 = 0, -5*w + b + 25 = 0. Let c be (-266)/w + 18/(-27). What is the tens digit of (-2)/(1 + 51/c)?
1
Let g(i) = i**2 - 5*i - 5. Let l be g(6). Let s = -1 - -1. Let r = l + s. What is the units digit of r?
1
Let b = 22 + -7. Suppose 2*l + b = 41. What is the tens digit of l?
1
Let u(w) = w**2 - 3*w - 5. Let i(n) = n - 6. Let t be i(11). What is the units digit of u(t)?
5
Let l(i) = -i**2 - 9*i + 2. Let x be l(-8). Let j = x - 4. What is the units digit of j?
6
Let g(h) = 2*h**2 + 2*h - 3. Let t be 4 - (2 + 0) - 5. What is the units digit of g(t)?
9
Suppose 46 = -3*g + 178. What is the tens digit of g?
4
Let x(d) = d**3 + 6*d**2 - d + 1. What is the tens digit of x(-5)?
3
Suppose 372 = 11*g - 365. What is the tens digit of g?
6
Let m(n) = -n**3 + 7*n**2 + 2. What is the units digit of m(7)?
2
Let m(p) = 4*p**2 + p - 2. Let z(s) = -s + 10. Let q be z(8). Let y be -2 - (q + -2 - 0). What is the units digit of m(y)?
2
Suppose 0 = n - 2*q - 95, n - 5*n = 5*q - 341. What is the units digit of n?
9
Let n be (2 + (-30)/(-21))*-7. Let v = n + 42. What is the tens digit of v?
1
Let f = 71 + 75. What is the tens digit of f?
4
Let l(p) = -2*p**2 + 1 + 3*p**2 - 3*p - 2*p**2 + 5*p. What is the units digit of l(2)?
1
Suppose 3*h = -2*z + 100, 2*h - 3*z + 166 = 7*h. What is the tens digit of h?
3
Let m(d) = -d**2 - 10*d + 4. Let w(n) = -3*n**2 - 31*n + 13. Let i(v) = 7*m(v) - 2*w(v). What is the units digit of i(-8)?
2
Let u be 5*2/(-10)*-2. What is the tens digit of -2*5*(u - 3)?
1
Let p(t) = -5*t + 2. Let d be p(2). Let n = d - -17. What is the units digit of n?
9
Let m(t) = -3*t - 22. What is the units digit of m(-9)?
5
Suppose 0 = 5*f - 6*f - 2, -4*q + 910 = -5*f. What is the tens digit of q?
2
Let m(u) = -6*u + 5. Let g be m(3). Let n = 8 - g. What is the units digit of n?
1
Suppose 0*s + 10 = -g - 3*s, 0 = -5*g + 3*s + 22. Suppose -g*u - 11 = -2*w + w, -4*w = -3*u - 19. What is the units digit of (0 - 1)*0 + w?
1
Let l = -1 - -4. Let y = l + 13. What is the units digit of y?
6
Let k(c) = c + 1. Let b be (1/1)/(-1 + 2). Let u(x) = -2*x - 1. Let z(i) = b*u(i) + 3*k(i). What is the units digit of z(3)?
5
Let v be 1 - (-1 + 2) - 0. Let w = v + 20. What is the tens digit of w?
2
Let c be 0 - 4*(-4)/(-4). Let f = -1 + -2. What is the units digit of c/(-12) + (-11)/f?
4
Let n = 7 - -3. Suppose n = p - 5. What is the tens digit of p?
1
Let c(u) = u**2 - 4*u + 9. What is the units digit of c(4)?
9
Let y(t) = -t**2 + 10. Let m(v) = 3*v**2 + 4. Let n(q) = 2*q**2 + 3. Let f(l) = -5*m(l) + 7*n(l). Let u be f(-1). What is the tens digit of y(u)?
1
Let c be (-6)/33 + (-96)/(-44). Suppose -4*q + 53 = 3*g, -q = -3*q - c. What is the tens digit of g?
1
Let v(s) = -14*s + 11. What is the hundreds digit of v(-7)?
1
Let k(r) = r**3 - 5*r**2 + 13*r - 2. What is the units digit of k(6)?
2
Suppose -162 = -0*i - 2*i. What is the tens digit of i?
8
Let y = 23 + 9. What is the units digit of y?
2
What is the hundreds digit of 166 - (26/39 + (-22)/6)?
1
Let f(j) be the first derivative of 2*j**3/3 - 5*j**2/2 + 4*j + 1. Let c be f(3). Let w = -5 + c. What is the units digit of w?
2
Let n = -62 - -120. What is the units digit of n?
8
Let h = -3 + 6. Suppose 8*i - h*i - 215 = 0. What is the units digit of i?
3
Suppose -10*s = -3*s - 2891. What is the units digit of s?
3
Suppose 3*h = -0*h - 15. Suppose 0 = 3*y - 6 - 6. Let a = y - h. What is the units digit of a?
9
Let u = 19 - 50. Let y = u - -70. What is the units digit of y?
9
Let n = 3 + -12. Let g = 4 - n. What is the units digit of g?
3
Let i(c) = -c**2 + 2*c - 3. Let k be i(2). What is the units digit of 6*(k/(-6) - -1)?
9
Let l(g) = -g. Let p be l(-7). Let d = p - 10. What is the units digit of (0/d - -1) + 6?
7
Suppose 74 = 2*x - 4. What is the units digit of x?
9
Let q be 0 - -1 - (-7 + -3). Suppose -i - q = -31. What is the units digit of i?
0
Let f = 72 - 10. What is the units digit of f?
2
Let x = 9 + -3. Suppose x*i = 8*i - 38. What is the units digit of i?
9
Suppose -q + 0 + 4 = 0. What is the tens digit of (-554)/(-22) - q/22?
2
Suppose 0 = 4*n - 12 - 48. What is the tens digit of n?
1
Let z(y) = y**2 - 2*y - 8. Let q be z(7). Let d = -20 + q. What is the units digit of d?
7
Suppose b + 9 + 18 = 5*h, -2*h = b - 8. Let w = h - 1. Suppose 12 = 2*f - w. What is the units digit of f?
8
Suppose 7*y - 5*m = 2*y - 35, -5*y + 4*m = 37. Let v = -6 - y. What is the units digit of v?
3
Suppose -4*z + 4 = -0*z. Let s be -2 - (z + -5*5). Let d = s + -16. What is the units digit of d?
6
Suppose 0 = -3*s + 2*s + 23. What is the tens digit of s?
2
What is the units digit of (-1)/(1/(3 - 82))?
9
Let s(b) = -2*b - 6. Let m be s(-4). Suppose -i = -m*i + 16. What is the tens digit of i?
1
Let t be 0/(4/(2 - 4)). Suppose -i + 9 = -z - 37, -z = t. What is the units digit of i?
6
Let z(o) = -2*o - 9. Let w(n) = -3*n - 10. Let q(a) = 4*w(a) - 5*z(a). What is the tens digit of q(-5)?
1
Let n(x) = 6 - 4 - 4 + 4*x - 6. What is the tens digit of n(6)?
1
Let c be (-4)/(-5)*(7 + 3). Let r = 5 - 2. Suppose -q = r*q - c. What is the units digit of q?
2
What is the units digit of (33/4)/(9/36)?
3
Let s(c) = 12 - 6*c**2 + 2*c - c**2 + c**3 - 11*c. Let d be s(8). Suppose -a + d = -0*a. What is the units digit of a?
4
What is the units digit of (38 - -5)/((-2)/(-4))?
6
Let r(h) = h**3 - 3*h**2 + h. Let w be r(3). Suppose n = -w*n + 60. What is the tens digit of n?
1
Suppose 432 = -3*b + 6*b. What is the hundreds digit of b?
1
Suppose 3*v - 840 = -v. What is the units digit of v?
0
What is the units digit of 1*(-337)/(-2) + (-9)/6?
7
Let u = -367 - -522. What is the tens digit of u?
5
Let j(g) be the third derivative of g**5/30 + g**4/24 - 2*g**3/3 + 7*g**2. What is the tens digit of j(-4)?
2
Let r(h) = -h**3 - h**2. Suppose -v + 1 = -3*z